 number?
False
Is 2836761691 prime?
False
Is 9480943127 a composite number?
False
Is 9019169903 a prime number?
True
Is 419607119 prime?
False
Is 833554777 a prime number?
False
Is 1530541505 prime?
False
Is 189533219 a prime number?
False
Is 225690915367 a composite number?
False
Is 6325411909 a composite number?
False
Is 3839063747 a composite number?
False
Is 1123682423873 a composite number?
False
Is 4347475487 a composite number?
False
Is 230608429 a composite number?
False
Is 2254627211 composite?
False
Is 56078439643 prime?
True
Is 13011132439 prime?
False
Is 3655485203 composite?
False
Is 689745821 a prime number?
False
Is 149902231 composite?
True
Is 10745449717 a composite number?
False
Is 1604849749 composite?
False
Is 12469387639 prime?
False
Is 36767209957 a prime number?
False
Is 7209226417 composite?
True
Is 10738138781 a composite number?
True
Is 130797893 prime?
True
Is 306807329 prime?
True
Is 4649440687 a prime number?
False
Is 1892260109 a prime number?
False
Is 189428303 composite?
False
Is 56710588633 a composite number?
True
Is 2182764443 a composite number?
True
Is 64574862181 a composite number?
False
Is 32553969583 composite?
True
Is 152967889 a prime number?
False
Is 1152141511 a composite number?
False
Is 2077288186 a prime number?
False
Is 20212123201 composite?
False
Is 117086971 composite?
False
Is 74207039 a prime number?
False
Is 401391941 a composite number?
True
Is 18384531089 a prime number?
False
Is 3270043397 a composite number?
True
Is 6219963053 composite?
True
Is 458480767 a prime number?
True
Is 4150950257 a composite number?
False
Is 708998673 prime?
False
Is 4187341307 a composite number?
False
Is 150081451 a composite number?
True
Is 328351412227 a prime number?
True
Is 451697231 a composite number?
False
Is 12413255417 prime?
False
Is 605345647 prime?
True
Is 361076626 prime?
False
Is 365345621 composite?
True
Is 3692354921 prime?
False
Is 1309996861 composite?
True
Is 29028858643 a composite number?
False
Is 86133340087 a prime number?
True
Is 101694641 prime?
False
Is 19526029 composite?
False
Is 1604184247 prime?
False
Is 5614471061 composite?
False
Is 302454037 a composite number?
True
Is 2131091551 prime?
True
Is 4488485737 a composite number?
True
Is 4053163123 a composite number?
False
Is 21929684369 a prime number?
False
Is 15388734359 a composite number?
False
Is 5335017251 prime?
False
Is 32621370151 a prime number?
True
Is 3656878553 prime?
False
Is 95137913509 a composite number?
False
Is 2233885673 a prime number?
False
Is 2014916017 a prime number?
False
Is 121458946121 a composite number?
True
Is 2256164233 a composite number?
False
Is 100177723111 prime?
True
Is 3356086271 prime?
True
Is 10447097153 a prime number?
True
Is 6212411539 prime?
False
Is 28014296001 prime?
False
Is 347792803 composite?
True
Is 3679208791 composite?
False
Is 14812717201 composite?
False
Is 70637423 composite?
False
Is 27970350391 a prime number?
True
Is 1300737001 prime?
True
Is 22161668201 prime?
True
Is 4794385279 a prime number?
True
Is 2743426343 a composite number?
True
Is 613877111 prime?
False
Is 166192030747 composite?
False
Is 2123589101 a composite number?
False
Is 20886417049 a composite number?
True
Is 20575245389 prime?
True
Is 767123659 a composite number?
False
Is 6596984551 prime?
True
Is 4660506607 composite?
True
Is 691453333 a prime number?
False
Is 55800443 prime?
False
Is 10869963107 a prime number?
True
Is 1248750961 a composite number?
True
Is 26802068921 a composite number?
False
Is 4197670471 composite?
False
Is 4044882617 a prime number?
True
Is 3358708181 a prime number?
True
Is 2189030329 composite?
False
Is 173696241991 a composite number?
False
Is 1037218957 prime?
False
Is 61746781 composite?
True
Is 15163811659 a prime number?
True
Is 1374741867 composite?
True
Is 276185383 prime?
False
Is 731956573 composite?
True
Is 44929913773 a composite number?
False
Is 3326992553 prime?
False
Is 5559260269 a prime number?
False
Is 438545381 prime?
True
Is 13646271323 a prime number?
False
Is 2372249281 prime?
True
Is 1583756129 prime?
True
Is 4931023807 composite?
False
Is 858133039 prime?
False
Is 68368106791 composite?
False
Is 505141666 a prime number?
False
Is 79038823 a prime number?
True
Is 62964946367 prime?
False
Is 79222441 a prime number?
True
Is 1009149773 a composite number?
True
Is 10401824591 prime?
True
Is 484155341 composite?
False
Is 328937420251 a composite number?
True
Is 471804761 composite?
False
Is 2251003 composite?
True
Is 11177917321 a prime number?
True
Is 13061278057 a prime number?
True
Is 2491081867 prime?
True
Is 132179016639 prime?
False
Is 5779520381 a prime number?
False
Is 1458819779 prime?
True
Is 3116960423 composite?
True
Is 899664861 composite?
True
Is 89859360911 composite?
False
Is 159585762433 a composite number?
True
Is 60724009771 a prime number?
True
Is 980237647 composite?
False
Is 28064821537 composite?
True
Is 100869989 a prime number?
False
Is 7352247083 a prime number?
False
Is 2263879841 composite?
False
Is 1713503807 composite?
False
Is 420609055 prime?
False
Is 15336007307 prime?
True
Is 3391165039 a composite number?
False
Is 5863269013 a composite number?
True
Is 438573673 a composite number?
False
Is 147076910909 prime?
False
Is 9800967635 composite?
True
Is 11713037339 a composite number?
True
Is 418250297 a composite number?
True
Is 1737119743 a composite number?
False
Is 2190320159 a composite number?
True
Is 74691096499 prime?
True
Is 2263328191 composite?
False
Is 6286526717 a prime number?
False
Is 4546520461 composite?
True
Is 11328061105 a composite number?
True
Is 3516543583 a prime number?
False
Is 243501109 composite?
False
Is 68635900679 a prime number?
True
Is 415085219 composite?
False
Is 177229537 composite?
False
Is 467880451 composite?
False
Is 833028281 a composite number?
True
Is 116156227 a composite number?
True
Is 3031498039 a composite number?
True
Is 20769886297 a composite number?
False
Is 11702223227 a prime number?
False
Is 1609956713 prime?
False
Is 254840253671 prime?
True
Is 159836309 prime?
False
Is 1389268453 prime?
False
Is 7741208039 a composite number?
False
Is 9125766523 prime?
True
Is 86618563909 a composite number?
True
Is 7544614477 composite?
False
Is 24356651129 composite?
False
Is 1110653183 a prime number?
False
Is 3516426527 prime?
True
Is 7091582987 composite?
False
Is 2356091471 a prime number?
False
Is 13192199011 a prime number?
True
Is 1000513001 a prime number?
False
Is 48090142429 prime?
False
Is 61219938581 a prime number?
True
Is 5900021 composite?
True
Is 12388777337 a prime number?
True
Is 732204359 a composite number?
True
Is 1005452443 a composite number?
False
Is 6738060869 a composite number?
False
Is 787481822 prime?
False
Is 36231807097 prime?
False
Is 288099416183 a composite number?
True
Is 3531552533 prime?
False
Is 24702452077 a prime number?
True
Is 2120845409 prime?
False
Is 43395102167 a composite number?
False
Is 329764693 prime?
False
Is 5524255333 a composite number?
False
Is 2722404437 a prime number?
True
Is 10178977 a prime number?
True
Is 63591466343 prime?
False
Is 540580273 a composite number?
True
Is 1104889658 prime?
False
Is 2213730385 prime?
False
Is 1593907123 prime?
True
Is 34599341533 composite?
True
Is 5529950851 prime?
False
Is 2940364871 composite?
False
Is 945454351 composite?
False
Is 442536499 a prime number?
True
Is 16197476107 composite?
False
Is 11136304199 a composite number?
False
Is 5340524335 composite?
True
Is 20825374805 prime?
False
Is 2941781551 prime?
False
Is 212955388969 a prime number?
True
Is 14979489691 a prime number?
False
Is 6749066767 prime?
True
Is 14066043157 prime?
True
Is 13100912437 prime?
False
Is 4184269649 composite?
True
Is 54720211141 composite?
False
Is 47453729 prime?
True
Is 6020041843 composite?
False
Is 6815484497 prime?
False
Is 2017779637 composite?
False
Is 7876152197 a prime number?
False
Is 79230694859 a composite number?
False
Is 1242350849 prime?
True
Is 17625981071 prime?
False
Is 4618161473 composite?
False
Is 1361829221 a composite number?
True
Is 27542179249 composite?
True
Is 176084401 a prime number?
True
Is 10360755439 composite?
False
Is 285231632561 a composite number?
False
Is 33798724